74. Give t(-1).
92
Let g(v) = v**3 + 51*v**2 - 165*v - 123. Calculate g(-54).
39
Let n(a) = -a**2 + 50*a - 515. Give n(19).
74
Let i(h) = 23*h + 1490. Give i(-64).
18
Let r(u) = 200*u + 26. Calculate r(-1).
-174
Let k(t) = -t**3 + 9*t**2 - 278*t + 1281. What is k(5)?
-9
Let j(b) = -2*b - 143. Determine j(-37).
-69
Let f(z) = -2*z**3 + 12*z**2 + 10*z + 15. What is f(6)?
75
Let a(m) = -34*m - 238. Give a(-3).
-136
Let v(n) = -n**2 + 1012*n - 7018. Calculate v(7).
17
Let n(i) = 4*i**3 + 2*i**2 - 71*i + 69. Determine n(1).
4
Let i(t) = 2*t**3 - 139*t**2 + 64*t + 371. Determine i(69).
26
Let w(q) = q**3 - 27*q**2 + 182*q - 6. Determine w(14).
-6
Let a(r) = r**3 + r**2 - 2*r - 310. What is a(0)?
-310
Let w(c) = -128*c**3 + c**2 + 2. Give w(-1).
131
Let c(u) = -4*u**3 - 38*u**2 - 7*u + 65. Calculate c(-9).
-34
Let i(m) = -m**3 - 13*m**2 + 11*m + 424. Give i(-10).
14
Let l(r) = 290*r + 79. What is l(0)?
79
Let q(a) = -40*a + 37. Determine q(1).
-3
Let l(j) = 6*j**2 + 151*j + 28. Calculate l(-25).
3
Let h(k) = 24*k - 49. Calculate h(13).
263
Let m(k) = 8*k - 158. Determine m(12).
-62
Let q(j) = 66*j**2 + 38*j + 34. Give q(-1).
62
Let k(w) = -6*w**2 + 37*w + 13. What is k(3)?
70
Let s(u) = 58*u - 4411. Calculate s(76).
-3
Let z(q) = 629*q + 4990. What is z(-8)?
-42
Let o(a) = -2*a**3 + 29*a**2 + 41*a + 133. What is o(16)?
21
Let g(s) = 24*s + 7. Determine g(7).
175
Let i(t) = -2*t**3 - 16*t**2 - 47*t - 224. Give i(-7).
7
Let v(x) = 107*x - 237. Give v(2).
-23
Let w(m) = 3*m**3 + 131*m**2 + 212*m + 59. Determine w(-42).
-25
Let j(l) = -2*l**3 + 11*l**2 + 22*l - 13. What is j(7)?
-6
Let i(t) = -10*t**2 + 88*t + 30. Determine i(9).
12
Let n(v) = -v**3 + 18*v**2 - 3*v + 20. Determine n(18).
-34
Let g(x) = 40*x + 145. Determine g(-4).
-15
Let l(w) = -3*w**2 - 2*w + 108. What is l(6)?
-12
Let k(v) = v**2 - 12*v + 2. Calculate k(4).
-30
Let t(h) = -h**3 + 31*h**2 - 55*h - 60. Determine t(29).
27
Let c(w) = 411*w - 1987. Calculate c(6).
479
Let f(u) = 6*u**3 + 32*u**2 + 36*u + 134. Give f(-5).
4
Let t(b) = 2*b**2 + 22*b + 146. Calculate t(-11).
146
Let r(v) = -v**2 - 145*v + 2037. What is r(13)?
-17
Let x(k) = k**3 - 66*k**2 + 326*k - 119. Determine x(5).
-14
Let n(v) = -v**3 - 6*v**2 + 3*v + 3. Give n(-5).
-37
Let r(w) = w**3 + 14*w**2 + 13*w - 11. Determine r(-12).
121
Let h(v) = 2*v**3 - 17*v**2 - 4*v - 16. Determine h(9).
29
Let b(z) = z**3 - 14*z**2 - 37*z + 71. Calculate b(16).
-9
Let s(b) = -b**3 + b**2 + 49*b + 33. What is s(-6)?
-9
Let b(d) = -21*d**2 + 236*d + 22. Calculate b(11).
77
Let h(b) = 2*b**3 - 47*b**2 + 236*b - 3. Give h(16).
-67
Let j(k) = -4*k**2 + 2048*k + 1. Calculate j(0).
1
Let g(w) = -w**3 + 8*w**2 + 12*w - 87. Determine g(8).
9
Let c(u) = u**3 - 17*u**2 + 21*u - 108. Calculate c(19).
1013
Let c(u) = -u**3 - 15*u**2 + 65*u - 239. Give c(-19).
-30
Let x(y) = y**2 + 3747*y + 70845. Determine x(-19).
13
Let r(f) = -70*f - 1118. Give r(-17).
72
Let n(u) = -7*u - 255. Determine n(-18).
-129
Let z(x) = -10*x**3 + x**2 + 4*x - 5. What is z(1)?
-10
Let s(a) = -14*a**2 - 279*a - 1. Give s(-20).
-21
Let u(p) = -2*p**3 + 82*p**2 - 323*p + 1010. What is u(37)?
11
Let x(u) = 28*u**2 + 364*u - 19. Calculate x(-13).
-19
Let d(i) = -3*i**2 + 5593*i - 22335. Calculate d(4).
-11
Let c(x) = -2*x**3 + 122*x**2 - 1174*x - 100. Give c(49).
-2
Let s(l) = 2*l**2 + 23*l - 674. Give s(-25).
1
Let h(p) = 5*p**3 + 2*p**2 - p + 7. Give h(-3).
-107
Let d(k) = 4*k**2 - 201*k - 318. What is d(52)?
46
Let y(t) = -118*t + 304. Calculate y(3).
-50
Let w(y) = -y**2 + 59*y + 415. Give w(66).
-47
Let z(q) = 11*q - 92. Calculate z(6).
-26
Let j(s) = 2*s**3 + s**2 - 108*s - 108. Give j(-1).
-1
Let c(x) = -125*x**2 + 626*x - 13. Give c(5).
-8
Let l(m) = m**3 - 44*m**2 - 303*m + 140. What is l(50)?
-10
Let w(b) = b**3 + 5*b - 89. What is w(4)?
-5
Let i(b) = -b**3 - 17*b**2 - 37*b - 10. Calculate i(-14).
-80
Let g(x) = x**2 - 8*x - 154. Calculate g(-10).
26
Let i(f) = 2*f**3 - 2*f**2 - 5*f - 24. Give i(5).
151
Let f(x) = 3*x - 209. Give f(54).
-47
Let o(t) = -2*t**2 + 27*t - 71. What is o(12)?
-35
Let f(h) = -3*h**2 + 53*h - 201. What is f(11)?
19
Let o(a) = 2*a**3 + 319*a**2 - 481*a + 330. Calculate o(-161).
8
Let w(f) = -3*f**2 - 390*f + 15560. What is w(32)?
8
Let o(g) = -14*g - 145. Calculate o(-20).
135
Let t(p) = 8*p**2 - 10*p + 10. Determine t(6).
238
Let t(f) = -f**2 - 37*f - 346. Give t(-20).
-6
Let a(l) = -l**2 + 8937*l - 8937. Give a(1).
-1
Let x(h) = 15*h - 57. Give x(5).
18
Let a(d) = 2*d**2 + 56*d + 48. Determine a(-29).
106
Let a(x) = 65*x - 451. Give a(7).
4
Let b(k) = 64*k**3 - 1026*k**2 + 9*k + 372. Give b(16).
4
Let s(b) = -2*b**2 - 245*b - 963. Calculate s(-4).
-15
Let r(z) = z**3 + 73*z**2 + 446*z - 7. Determine r(-7).
105
Let w(i) = -3*i**2 + 60*i - 55. Give w(1).
2
Let u(v) = -v**3 + 15*v**2 - 11*v - 29. Determine u(14).
13
Let v(g) = -g**3 + 30*g**2 - 194*g + 49. Give v(9).
4
Let l(f) = f**3 - 7*f**2 + 35*f - 488. Give l(9).
-11
Let w(c) = -c - 36. Determine w(-42).
6
Let m(d) = 3*d**2 + 132*d + 54. What is m(-42)?
-198
Let y(m) = m**3 + 7*m**2 - 13*m - 14. Calculate y(-6).
100
Let l(z) = z**3 + 13*z**2 + 31*z - 11. Determine l(-4).
9
Let r(o) = 2*o**2 + 20*o - 2289. What is r(-39)?
-27
Let m(s) = s**3 + 12*s**2 + 44*s + 53. Give m(-5).
8
Let d(y) = 8*y**3 + 4*y**2 - 10*y - 7. Calculate d(3).
215
Let x(t) = t**2 - 13*t - 102. Determine x(-6).
12
Let f(y) = 15*y**2 - 5*y - 17. Calculate f(5).
333
Let j(y) = y**3 + 14*y**2 + 68*y + 19. Determine j(-8).
-141
Let s(b) = b**2 + 57*b + 111. What is s(0)?
111
Let n(l) = -25*l - 1656. Determine n(-58).
-206
Let z(t) = 9*t**2 - 68*t + 145. Determine z(4).
17
Let t(u) = 16*u + 40. Give t(-4).
-24
Let z(t) = -8*t**3 - 2*t**2 + 80*t - 78. Give z(1).
-8
Let v(d) = -411*d + 4924. Give v(12).
-8
Let i(l) = l**2 + 127*l + 613. Determine i(-5).
3
Let d(h) = 2*h**3 - 28*h**2 + 10*h - 142. Give d(14).
-2
Let v(z) = 2*z**2 + 394*z - 1967. Give v(5).
53
Let p(s) = 3963*s - 7878. Give p(2).
48
Let i(f) = 238*f + 482. What is i(-2)?
6
Let y(i) = i**2 - 138*i + 3005. Give y(27).
8
Let k(f) = f**3 - 22*f**2 - 34*f + 263. Calculate k(23).
10
Let w(d) = -11*d**2 - 131*d + 327. Calculate w(-14).
5
Let h(n) = 27*n + 279. Determine h(-12).
-45
Let t(n) = 3*n**2 + 43*n + 321. Give t(-7).
167
Let y(q) = -q**3 + 15*q**2 + 117*q. What is y(-6)?
54
Let c(w) = 583*w + 61225. Determine c(-105).
10
Let n(w) = 123*w - 27. Give n(4).
465
Let a(k) = 5*k**2 + 46*k - 166. Determine a(3).
17
Let z(q) = 14*q**2 - 77*q - 5. Determine z(4).
-89
Let s(r) = r**3 - 22*r**2 + 101*r - 68. Determine s(16).
12
Let p(m) = -887*m + 3514. Calculate p(4).
-34
Let b(y) = -201*y**2 + 602*y + 6. Give b(3).
3
Let u(j) = -j**3 + 22*j**2 - 39*j - 38. Determine u(20).
-18
Let v(t) = -56*t**2 + 497*t + 78. Calculate v(9).
15
Let b(x) = -31*x**2 + 5486*x + 183. Give b(177).
6
Let l(s) = -1499*s + 73460. Calculate l(49).
9
Let o(u) = -u**2 - 20*u + 19. Give o(-20).
19
Let c(a) = 525*a + 131771. Give c(-251).
-4
Let t(y) = 51*y**2 - 994*y + 995. Give t(1).
52
Let a(i) = 128*i - 3050. Calculate a(24).
22
Let c(k) = k + 10. Calculate c(4).
14
Let o(h) = -24*h + 1961. What is o(82)?
-7
Let f(n) = n**2 - n + 3. Determine f(4).
15
Let m(o) = 2*o**2 - 72*o + 598. What is m(13)?
0
Let f(h) = -442*h - 25193. Give f(-57).
1
Let a(l) = 41426*l - 207134. Give a(5).
-4
Let x(c) = 4*c**2 + 396*c + 3867. Determine x(-11).
-5
Let l(u) = -u**3 - 12*u**2 - 38*u - 12. What is l(-11)?
285
Let z(n) = -2*n**2 - 7*n - 48. Give z(-4).
-52
Let h(s) = s**2 + 38*s + 58. Give h(-37).
21
Let r(i) = 51*i**2 + 419*i + 85. What is r(-8)?
-3
Let l(p) = -2*p**2 - 44*p - 256. Calculate l(-15).
-46
Let p(m) = -4*m - 195. What is p(-49)?
1
Let f(c) = 13*c**3 + 62*c**2 - 12*c + 3. Calculate f(-5).
-12
Let d(w) = -118*w + 32. Give d(1).
-86
Let a(o) = 3*o**2 + 164*o + 106. Calculate a(-54).
-2
Let n(u) = -u**3 - 87*u**2 + 90*u + 164. Give n(-88).
-12
Let s(c) = -2*c**3 + 7*c**2 + 9*c - 36. Give s(3).
0
Let n(f) = -35*f + 83. Give n(2).
13
Let i(q) = -2*q**3 + 78*q**2 + 82*q + 19. What is i(40)?
99
Let i(w) = -12*w**3 - 3*w**2 - 177*w + 178. Calculate i(1).
-14
Let j(p) = p**3 + p**2 - 16*p + 24. Determine j(-4).
40
Let i(u) = -u**3 - 12*u**2 - 15*u + 16. Determine i(-11).
60
Let l(r) = -r**3 + 6*r**2 - 